{"id":152,"date":"2021-01-12T13:21:19","date_gmt":"2021-01-12T13:21:19","guid":{"rendered":"http:\/\/joaonora.com\/?page_id=152"},"modified":"2021-01-12T13:23:12","modified_gmt":"2021-01-12T13:23:12","slug":"diante-de-mim-mais-demorada-do-que-nunca","status":"publish","type":"page","link":"https:\/\/joaonora.com\/index.php\/diante-de-mim-mais-demorada-do-que-nunca\/","title":{"rendered":""},"content":{"rendered":"\n<figure class=\"wp-block-image alignwide size-large\"><img loading=\"lazy\" decoding=\"async\" width=\"785\" height=\"861\" src=\"https:\/\/joaonora.com\/wp-content\/uploads\/2021\/01\/parte-se-em-mim-qualquer-coisa-o-vermelho-anoiteceu.jpg\" alt=\"\" class=\"wp-image-153\" srcset=\"https:\/\/joaonora.com\/wp-content\/uploads\/2021\/01\/parte-se-em-mim-qualquer-coisa-o-vermelho-anoiteceu.jpg 785w, https:\/\/joaonora.com\/wp-content\/uploads\/2021\/01\/parte-se-em-mim-qualquer-coisa-o-vermelho-anoiteceu-274x300.jpg 274w, https:\/\/joaonora.com\/wp-content\/uploads\/2021\/01\/parte-se-em-mim-qualquer-coisa-o-vermelho-anoiteceu-768x842.jpg 768w\" sizes=\"(max-width: 785px) 100vw, 785px\" \/><figcaption>parte-se em mim qualquer coisa, o vermelho anoiteceu<br>\u00f3leo s\/ madeira<br>83 x 75 cm<\/figcaption><\/figure>\n\n\n\n<figure class=\"wp-block-image alignwide size-large\"><img loading=\"lazy\" decoding=\"async\" width=\"700\" height=\"984\" src=\"https:\/\/joaonora.com\/wp-content\/uploads\/2021\/01\/o-silencio-fechado-de-todas-as-portas.jpg\" alt=\"\" class=\"wp-image-154\" srcset=\"https:\/\/joaonora.com\/wp-content\/uploads\/2021\/01\/o-silencio-fechado-de-todas-as-portas.jpg 700w, https:\/\/joaonora.com\/wp-content\/uploads\/2021\/01\/o-silencio-fechado-de-todas-as-portas-213x300.jpg 213w\" sizes=\"(max-width: 700px) 100vw, 700px\" \/><figcaption>o sil\u00eancio fechado de todas as portas<br>\u00f3leo s\/ cart\u00e3o<br>50 x 35cm<\/figcaption><\/figure>\n\n\n\n<figure class=\"wp-block-image alignwide size-large\"><img loading=\"lazy\" decoding=\"async\" width=\"900\" height=\"724\" src=\"https:\/\/joaonora.com\/wp-content\/uploads\/2021\/01\/todos-os-teus-gestos-sao-aves.jpg\" alt=\"\" class=\"wp-image-155\" srcset=\"https:\/\/joaonora.com\/wp-content\/uploads\/2021\/01\/todos-os-teus-gestos-sao-aves.jpg 900w, https:\/\/joaonora.com\/wp-content\/uploads\/2021\/01\/todos-os-teus-gestos-sao-aves-300x241.jpg 300w, https:\/\/joaonora.com\/wp-content\/uploads\/2021\/01\/todos-os-teus-gestos-sao-aves-768x618.jpg 768w\" sizes=\"(max-width: 900px) 100vw, 900px\" \/><figcaption>todos os teus gestos s\u00e3o aves<br>\u00f3leo s\/ cart\u00e3o<br>40 x 50cm<\/figcaption><\/figure>\n\n\n\n<figure class=\"wp-block-image alignwide size-large\"><img loading=\"lazy\" decoding=\"async\" width=\"950\" height=\"729\" src=\"https:\/\/joaonora.com\/wp-content\/uploads\/2021\/01\/sentindo-me-rei-estendi-as-pernas-po-debaixo-da-mesa.jpg\" alt=\"\" class=\"wp-image-156\" srcset=\"https:\/\/joaonora.com\/wp-content\/uploads\/2021\/01\/sentindo-me-rei-estendi-as-pernas-po-debaixo-da-mesa.jpg 950w, https:\/\/joaonora.com\/wp-content\/uploads\/2021\/01\/sentindo-me-rei-estendi-as-pernas-po-debaixo-da-mesa-300x230.jpg 300w, https:\/\/joaonora.com\/wp-content\/uploads\/2021\/01\/sentindo-me-rei-estendi-as-pernas-po-debaixo-da-mesa-768x589.jpg 768w\" sizes=\"(max-width: 950px) 100vw, 950px\" \/><figcaption>sentindo-me rei estendi as pernas por debaixo da mesa<br>\u00f3leo s\/ madeira<br>23 x 29,5 cm<\/figcaption><\/figure>\n\n\n\n<figure class=\"wp-block-image alignwide size-large\"><img loading=\"lazy\" decoding=\"async\" width=\"940\" height=\"732\" src=\"https:\/\/joaonora.com\/wp-content\/uploads\/2021\/01\/os-das-rendas-com-monoculo-sublinham-todas-as-fifias.jpg\" alt=\"\" class=\"wp-image-157\" srcset=\"https:\/\/joaonora.com\/wp-content\/uploads\/2021\/01\/os-das-rendas-com-monoculo-sublinham-todas-as-fifias.jpg 940w, https:\/\/joaonora.com\/wp-content\/uploads\/2021\/01\/os-das-rendas-com-monoculo-sublinham-todas-as-fifias-300x234.jpg 300w, https:\/\/joaonora.com\/wp-content\/uploads\/2021\/01\/os-das-rendas-com-monoculo-sublinham-todas-as-fifias-768x598.jpg 768w\" sizes=\"(max-width: 940px) 100vw, 940px\" \/><figcaption>os das rendas com mon\u00f3culo sublinham todas as f\u00edfias<br>\u00f3leo s\/ madeira<br>47 x 60 cm<\/figcaption><\/figure>\n\n\n\n<figure class=\"wp-block-image alignwide size-large\"><img loading=\"lazy\" decoding=\"async\" width=\"935\" height=\"745\" src=\"https:\/\/joaonora.com\/wp-content\/uploads\/2021\/01\/o-homem-que-na-avenida-fugia-das-folhas.jpg\" alt=\"\" class=\"wp-image-158\" srcset=\"https:\/\/joaonora.com\/wp-content\/uploads\/2021\/01\/o-homem-que-na-avenida-fugia-das-folhas.jpg 935w, https:\/\/joaonora.com\/wp-content\/uploads\/2021\/01\/o-homem-que-na-avenida-fugia-das-folhas-300x239.jpg 300w, https:\/\/joaonora.com\/wp-content\/uploads\/2021\/01\/o-homem-que-na-avenida-fugia-das-folhas-768x612.jpg 768w\" sizes=\"(max-width: 935px) 100vw, 935px\" \/><figcaption>o homem que na avenida fugia das folhas<br>\u00f3leo s\/ cart\u00e3o<br>40 x 50cm<\/figcaption><\/figure>\n\n\n\n<figure class=\"wp-block-image alignwide size-large\"><img loading=\"lazy\" decoding=\"async\" width=\"900\" height=\"763\" src=\"https:\/\/joaonora.com\/wp-content\/uploads\/2021\/01\/e-minha-a-palidez-da-lua.jpg\" alt=\"\" class=\"wp-image-159\" srcset=\"https:\/\/joaonora.com\/wp-content\/uploads\/2021\/01\/e-minha-a-palidez-da-lua.jpg 900w, https:\/\/joaonora.com\/wp-content\/uploads\/2021\/01\/e-minha-a-palidez-da-lua-300x254.jpg 300w, https:\/\/joaonora.com\/wp-content\/uploads\/2021\/01\/e-minha-a-palidez-da-lua-768x651.jpg 768w\" sizes=\"(max-width: 900px) 100vw, 900px\" \/><figcaption>\u00e9 minha a palidez da lua<br>\u00f3leo s\/ cart\u00e3o<br>30 x 35cm<\/figcaption><\/figure>\n\n\n\n<p><\/p>\n","protected":false},"excerpt":{"rendered":"","protected":false},"author":1,"featured_media":0,"parent":0,"menu_order":0,"comment_status":"closed","ping_status":"closed","template":"","meta":{"footnotes":""},"class_list":["post-152","page","type-page","status-publish","hentry","missing-thumbnail"],"_links":{"self":[{"href":"https:\/\/joaonora.com\/index.php\/wp-json\/wp\/v2\/pages\/152"}],"collection":[{"href":"https:\/\/joaonora.com\/index.php\/wp-json\/wp\/v2\/pages"}],"about":[{"href":"https:\/\/joaonora.com\/index.php\/wp-json\/wp\/v2\/types\/page"}],"author":[{"embeddable":true,"href":"https:\/\/joaonora.com\/index.php\/wp-json\/wp\/v2\/users\/1"}],"replies":[{"embeddable":true,"href":"https:\/\/joaonora.com\/index.php\/wp-json\/wp\/v2\/comments?post=152"}],"version-history":[{"count":2,"href":"https:\/\/joaonora.com\/index.php\/wp-json\/wp\/v2\/pages\/152\/revisions"}],"predecessor-version":[{"id":163,"href":"https:\/\/joaonora.com\/index.php\/wp-json\/wp\/v2\/pages\/152\/revisions\/163"}],"wp:attachment":[{"href":"https:\/\/joaonora.com\/index.php\/wp-json\/wp\/v2\/media?parent=152"}],"curies":[{"name":"wp","href":"https:\/\/api.w.org\/{rel}","templated":true}]}}

<figure class="wp-block-image alignwide size-large"><img loading="lazy" decoding="async" width="785" height="861" src="https://joaonora.com/wp-content/uploads/2021/01/parte-se-em-mim-qualquer-coisa-o-vermelho-anoiteceu.jpg" alt="" class="wp-image-153" srcset="https://joaonora.com/wp-content/uploads/2021/01/parte-se-em-mim-qualquer-coisa-o-vermelho-anoiteceu.jpg 785w, https://joaonora.com/wp-content/uploads/2021/01/parte-se-em-mim-qualquer-coisa-o-vermelho-anoiteceu-274x300.jpg 274w, https://joaonora.com/wp-content/uploads/2021/01/parte-se-em-mim-qualquer-coisa-o-vermelho-anoiteceu-768x842.jpg 768w" sizes="(max-width: 785px) 100vw, 785px" /><figcaption>parte-se em mim qualquer coisa, o vermelho anoiteceu<br>óleo s/ madeira<br>83 x 75 cm</figcaption></figure>



<figure class="wp-block-image alignwide size-large"><img loading="lazy" decoding="async" width="700" height="984" src="https://joaonora.com/wp-content/uploads/2021/01/o-silencio-fechado-de-todas-as-portas.jpg" alt="" class="wp-image-154" srcset="https://joaonora.com/wp-content/uploads/2021/01/o-silencio-fechado-de-todas-as-portas.jpg 700w, https://joaonora.com/wp-content/uploads/2021/01/o-silencio-fechado-de-todas-as-portas-213x300.jpg 213w" sizes="(max-width: 700px) 100vw, 700px" /><figcaption>o silêncio fechado de todas as portas<br>óleo s/ cartão<br>50 x 35cm</figcaption></figure>



<figure class="wp-block-image alignwide size-large"><img loading="lazy" decoding="async" width="900" height="724" src="https://joaonora.com/wp-content/uploads/2021/01/todos-os-teus-gestos-sao-aves.jpg" alt="" class="wp-image-155" srcset="https://joaonora.com/wp-content/uploads/2021/01/todos-os-teus-gestos-sao-aves.jpg 900w, https://joaonora.com/wp-content/uploads/2021/01/todos-os-teus-gestos-sao-aves-300x241.jpg 300w, https://joaonora.com/wp-content/uploads/2021/01/todos-os-teus-gestos-sao-aves-768x618.jpg 768w" sizes="(max-width: 900px) 100vw, 900px" /><figcaption>todos os teus gestos são aves<br>óleo s/ cartão<br>40 x 50cm</figcaption></figure>



<figure class="wp-block-image alignwide size-large"><img loading="lazy" decoding="async" width="950" height="729" src="https://joaonora.com/wp-content/uploads/2021/01/sentindo-me-rei-estendi-as-pernas-po-debaixo-da-mesa.jpg" alt="" class="wp-image-156" srcset="https://joaonora.com/wp-content/uploads/2021/01/sentindo-me-rei-estendi-as-pernas-po-debaixo-da-mesa.jpg 950w, https://joaonora.com/wp-content/uploads/2021/01/sentindo-me-rei-estendi-as-pernas-po-debaixo-da-mesa-300x230.jpg 300w, https://joaonora.com/wp-content/uploads/2021/01/sentindo-me-rei-estendi-as-pernas-po-debaixo-da-mesa-768x589.jpg 768w" sizes="(max-width: 950px) 100vw, 950px" /><figcaption>sentindo-me rei estendi as pernas por debaixo da mesa<br>óleo s/ madeira<br>23 x 29,5 cm</figcaption></figure>



<figure class="wp-block-image alignwide size-large"><img loading="lazy" decoding="async" width="940" height="732" src="https://joaonora.com/wp-content/uploads/2021/01/os-das-rendas-com-monoculo-sublinham-todas-as-fifias.jpg" alt="" class="wp-image-157" srcset="https://joaonora.com/wp-content/uploads/2021/01/os-das-rendas-com-monoculo-sublinham-todas-as-fifias.jpg 940w, https://joaonora.com/wp-content/uploads/2021/01/os-das-rendas-com-monoculo-sublinham-todas-as-fifias-300x234.jpg 300w, https://joaonora.com/wp-content/uploads/2021/01/os-das-rendas-com-monoculo-sublinham-todas-as-fifias-768x598.jpg 768w" sizes="(max-width: 940px) 100vw, 940px" /><figcaption>os das rendas com monóculo sublinham todas as fífias<br>óleo s/ madeira<br>47 x 60 cm</figcaption></figure>



<figure class="wp-block-image alignwide size-large"><img loading="lazy" decoding="async" width="935" height="745" src="https://joaonora.com/wp-content/uploads/2021/01/o-homem-que-na-avenida-fugia-das-folhas.jpg" alt="" class="wp-image-158" srcset="https://joaonora.com/wp-content/uploads/2021/01/o-homem-que-na-avenida-fugia-das-folhas.jpg 935w, https://joaonora.com/wp-content/uploads/2021/01/o-homem-que-na-avenida-fugia-das-folhas-300x239.jpg 300w, https://joaonora.com/wp-content/uploads/2021/01/o-homem-que-na-avenida-fugia-das-folhas-768x612.jpg 768w" sizes="(max-width: 935px) 100vw, 935px" /><figcaption>o homem que na avenida fugia das folhas<br>óleo s/ cartão<br>40 x 50cm</figcaption></figure>



<figure class="wp-block-image alignwide size-large"><img loading="lazy" decoding="async" width="900" height="763" src="https://joaonora.com/wp-content/uploads/2021/01/e-minha-a-palidez-da-lua.jpg" alt="" class="wp-image-159" srcset="https://joaonora.com/wp-content/uploads/2021/01/e-minha-a-palidez-da-lua.jpg 900w, https://joaonora.com/wp-content/uploads/2021/01/e-minha-a-palidez-da-lua-300x254.jpg 300w, https://joaonora.com/wp-content/uploads/2021/01/e-minha-a-palidez-da-lua-768x651.jpg 768w" sizes="(max-width: 900px) 100vw, 900px" /><figcaption>é minha a palidez da lua<br>óleo s/ cartão<br>30 x 35cm</figcaption></figure>



<p></p>
